 (-6523)/(-121))*-11 is divided by 21.
19
Let m be ((-6)/5)/(9/(-30)). Let p = 1 + m. Suppose 0 = -p*t + 41 + 34. Calculate the remainder when 44 is divided by t.
14
Let m = -32 - -35. Suppose -z + 2*z + 4*x = 2, 3*z - 6 = -m*x. What is the remainder when z is divided by 2?
0
Let j(s) be the second derivative of 2*s**3/3 + 4*s**2 + 4*s. Let z be j(10). What is the remainder when 23 is divided by (z/(-18))/(1/(-3))?
7
Suppose -7*g + 50 = 8. Suppose 4*t - g*o = -o + 22, 2 = 4*t + 5*o. What is the remainder when (-8)/(-12) - (-10)/3 is divided by t?
1
Let q = -178 + 304. Suppose -q - 18 = -9*b. What is the remainder when 108 is divided by b?
12
Suppose -s = 5*a - 45 - 104, 5*a = 5*s + 125. Calculate the remainder when 490 is divided by a.
26
Suppose 21 = 3*f - 0*f. What is the remainder when 5/(75/9)*(1 + 79) is divided by f?
6
Let l(r) = -r - 10. Let s be l(-14). Suppose s*h = 27 + 13. What is the remainder when 13 is divided by (5/h)/((-3)/(-30))?
3
Suppose 3*s + s - 3*b = 182, 3*s + 5*b - 151 = 0. Calculate the remainder when s is divided by 10.
7
Let r = 31 + -29. Suppose -2*u = -4*h - 8, 0 = -4*u + 5*u - 5*h - 4. Suppose -q - u*w = 3*q - 8, 0 = -2*w - 6. What is the remainder when q is divided by r?
1
Suppose -w - 3*w = 16. Suppose 0 = -4*m - 2*z - 26, -6*m + 3*z = -2*m + 1. What is the remainder when 1/w - 129/m is divided by 11?
10
Suppose 6*q - 284 = 58. Calculate the remainder when q is divided by 80/6 + (-16)/12.
9
Let y(k) = k**3 + 9*k**2 + 12*k + 7. Let g be y(-8). Let r = -22 - g. Calculate the remainder when (-78 + -6)*(-1)/r is divided by 6.
4
Let z(k) = -2*k + 5. Suppose 0 = 5*u + 34 + 71. Let y = u + 30. What is the remainder when z(-10) is divided by y?
7
Suppose -150 = -z + 116. Suppose -5*d + z + 329 = 0. Let l(v) = -41*v**3 - 2*v**2 - 2*v - 1. What is the remainder when d is divided by l(-1)?
39
Let c = 65 - 41. Suppose -2*j + t = -15, 5*j - 3*t - c = 16. Suppose j*x - 17 = 38. Calculate the remainder when x is divided by 7.
4
Let t = 14 + -4. Suppose t = -r + 6*r. Suppose 0 = -r*a + a + 18. Calculate the remainder when 35 is divided by a.
17
Let c = 5168 + -5159. Calculate the remainder when c is divided by 2/2 + -4 + 10.
2
Let c = 1525 + -1023. What is the remainder when c is divided by 13?
8
Let j be ((-7)/(-21))/((-2)/(-96)). Let n = j + 146. Suppose 2*w - 13 = -3*f + 54, 5*w = -2*f + n. What is the remainder when 126 is divided by w?
30
Let d = 48 - 34. What is the remainder when d is divided by (-15)/(-5)*(12 - 10)?
2
Suppose 4*h + 2*f = -f + 172, -3*h = f - 134. Let w = h - 14. Calculate the remainder when 62 is divided by w.
30
Let c be (-4 - 0) + (-536)/(-12)*3. What is the remainder when (156/c)/((-3)/(-170)) is divided by 14?
12
Suppose 3*t + 0*t - 210 = 0. Suppose h = -h + t. Let a = 43 + -24. What is the remainder when h is divided by a?
16
Calculate the remainder when 2/4 - (-7 + 270/(-12)) is divided by 11.
8
Let o = 510 + -320. What is the remainder when o is divided by 60?
10
Suppose -2*a + 24 = a. Let q be (0 - -2)/((-17)/(-5) - 3). Suppose -46 = -2*n - 3*k + 26, 0 = -q*n - 5*k + 185. Calculate the remainder when n is divided by a.
7
Let p(r) = 9. Let g(c) = c - 1. Let n(f) = g(f) + p(f). Suppose -6 = i + 5*l, -2*i + 10 = -3*l + 2*l. What is the remainder when 33 is divided by n(i)?
9
Suppose 4*z = -11 - 9, -2*i = -2*z - 76. Calculate the remainder when 326 is divided by i.
29
Suppose 5*v + 25 = 0, -3*v + 4*v = 5*a - 20. Suppose -4*w = -5*d + 2*d + 2, a*d = 3*w + 6. Calculate the remainder when 68 is divided by 2/1*69/d.
22
Let l(p) = 2*p**2 - 18*p + 12. Calculate the remainder when 359 is divided by l(9).
11
Calculate the remainder when 150 is divided by (30 + 10 - 5) + 1*3.
36
Suppose -4*t + 128 = -2*z + 4*z, 2*t - z = 64. Let m(j) = j**2 + 2*j + 11. Calculate the remainder when t is divided by m(0).
10
Suppose 70*r - 23*r = 14053. Calculate the remainder when r is divided by 25.
24
Let y = 12 - -1. Suppose 40 = 4*m + 2*j, -3*m - 839*j + 39 = -836*j. What is the remainder when y is divided by m?
6
Suppose 2*k - 123 = -107. Calculate the remainder when 62 is divided by k.
6
Suppose 10072 = 156*u - 152*u. What is the remainder when u is divided by 10?
8
Let q be -2 - -1 - (0 + 0). Calculate the remainder when 103 is divided by 252/10 - q/(-5) - -1.
25
Let o = -1377 + 1442. Calculate the remainder when 1299 is divided by o.
64
Let r be (-2*261)/(-3) - -5. Let v = r - 91. What is the remainder when v is divided by 31?
26
Let s(t) = -t**3 + 26*t**2 - 149*t + 18. Calculate the remainder when s(12) is divided by 89.
68
Let j = 14 + -12. Let f = 6 + 2. Calculate the remainder when ((-1)/j)/((-4)/104) is divided by f.
5
Suppose 0*w - 3*w = 3, -a = -4*w - 153. Let l be (4/12)/(1/258). Let z = a - l. Calculate the remainder when z is divided by 22.
19
Let i(c) = -3*c + 54. Let a be i(17). Let f(x) be the first derivative of x**3/3 + 2*x**2 - 3*x - 1. Calculate the remainder when 52 is divided by f(a).
16
Suppose -267 = -12*t - 207. What is the remainder when 42 is divided by t?
2
Suppose -11*z + 32 = -9*z. What is the remainder when 41 is divided by 174/z + (-2)/(-16)?
8
Let r(d) = -d**2 - 9*d + 8. Suppose i + 27 = -4*t, -2*t - 4*i + 11 = -3*t. What is the remainder when r(t) is divided by 6?
4
Suppose 17*t - 22*t = -15. Suppose 28 = 2*u - 3*v, -2*v - 15 = t*u - 4*u. Let o = -5 - -8. Calculate the remainder when u is divided by o.
2
Calculate the remainder when 516 is divided by (-6 + (-49)/(-2))*4.
72
Let t(z) = 5*z**2 + 4*z + 5. Let v be t(-4). Let l = v - 39. Suppose -8 = -3*p + 28. What is the remainder when l is divided by p?
6
Suppose 15*m - 138 = 12*m. Calculate the remainder when m is divided by 12.
10
Suppose -d = -5*d + 2*m + 324, 5*d + 5*m - 420 = 0. Calculate the remainder when d is divided by 5.
2
Let m = -24 + 33. Calculate the remainder when 12 is divided by m.
3
Suppose 0 = 4*f + o + 110, 5*o = 3*f + 2*o + 90. Suppose 33 = -5*j - 27. Let b = j - f. Calculate the remainder when b is divided by 6.
4
Let h(z) = -18*z**3 + 2*z**2 + z. Let a be h(-1). Let p(g) = -g**3 + 20*g**2 - 16*g - 47. What is the remainder when 49 is divided by p(a)?
9
Let j = -158 + 179. Calculate the remainder when 60 is divided by j.
18
Let z(d) = -d**2 + 19*d + 10. Let n be (-1)/(-1 - 54/(-57)). What is the remainder when 14 is divided by z(n)?
4
Let v = 513 + -371. Suppose 4*x = x + 87. Calculate the remainder when v is divided by x.
26
Let k = 42 + -55. Let a(w) = w + 42. Calculate the remainder when a(k) is divided by 17.
12
Let r = -13 - -37. Let n(h) = 15*h + 5. Let p be n(-3). Let q = 6 - p. What is the remainder when q is divided by r?
22
Let o(t) = 2*t**2 - 13*t - 6. Let k be o(7). Calculate the remainder when -7*(-22 + 3) - 0/k is divided by 34.
31
Let t(u) = u**2 + 2*u - 9. Let f be (-43)/(-6) + 4/(-24). Calculate the remainder when t(f) is divided by 3*(-3 - (-51)/9).
6
Let v be ((-56)/10)/(-1)*5. Suppose 4*j - 3*k - v = 2*k, 14 = 2*j - 5*k. Calculate the remainder when j is divided by (-10)/((-160)/24)*2.
1
Suppose 0 = -3*t - 88 + 121. Let f(g) = 2*g**2 - 5*g + 7. Calculate the remainder when f(5) is divided by t.
10
Let v be 3*21*(8/(-9) - -1). Suppose -8*u + v*u = -15. What is the remainder when 100 is divided by u?
10
Let j be 3 - (3 + -6 - -3). Let n = -6 + j. Let g(z) = z**2 - 3. Calculate the remainder when 9 is divided by g(n).
3
Let x = -71 + 73. Calculate the remainder when 5 is divided by x.
1
Suppose -4*r = -3*v - 139, -4*r = v + 4*v + 189. Let s = v - -65. Let m = 128 + -83. What is the remainder when m is divided by s?
21
Suppose -n + 33 = 4*l, n + 10 = -3*l + 48. Suppose 22*d - 114 - 216 = 0. Calculate the remainder when n is divided by d.
8
Suppose 3 = -a + 8. Suppose -3*f + 15 = 0, a*p + f - 90 = 90. Calculate the remainder when 79 is divided by p.
9
Let p = 601 - 558. Calculate the remainder when p is divided by (4/(-3))/(2/(-6)).
3
Suppose -3*b + 4*z + 250 = 42, 0 = -5*b - z + 316. Calculate the remainder when 173 is divided by b.
45
Suppose 185 = -3*x + 7*x - 5*p, p = -3*x + 115. Calculate the remainder when x is divided by 23.
17
Let j(q) = -3*q**3 + 35*q**2 + 16*q - 17. Calculate the remainder when 178 is divided by j(12).
23
Let d(o) = -o**3 + 4*o**2 + 2*o + 7. Let q be d(5). Let f be 14/(-4